 7094196312?
True
Is 52894773 a multiple of 6?
False
Is 375 a factor of 635607?
False
Does 2 divide 5206211?
False
Does 46 divide 78493756?
True
Is 947578409 a multiple of 2706?
False
Is 31114186 a multiple of 42?
False
Does 240 divide 31104537?
False
Is 100 a factor of 659423?
False
Is 66282065 a multiple of 207?
False
Is 28 a factor of 1652440?
False
Is 3367326 even?
True
Is 40579512 a multiple of 1916?
False
Is 54495480 a multiple of 52?
True
Is 345524025 a multiple of 105?
True
Is 12 a factor of 93311894?
False
Is 237542956 a multiple of 7?
True
Is 148269422 a multiple of 7?
True
Is 48011910 a multiple of 844?
False
Is 63231242 a multiple of 43?
True
Is 96836432 a multiple of 1894?
True
Does 8 divide 79797366?
False
Is 26166114 a multiple of 234?
True
Does 42 divide 348585930?
True
Is 374 a factor of 155729112?
True
Is 1428931852 a multiple of 18?
False
Is 14992704 a multiple of 16?
True
Does 114 divide 459669259?
False
Is 79282635 a multiple of 388?
False
Is 1106519486 a multiple of 47?
False
Is 24 a factor of 742920350?
False
Is 1169 a factor of 431638053?
True
Is 1919 a factor of 115405449?
False
Is 140 a factor of 262493420?
True
Is 7 a factor of 1282947?
False
Is 130 a factor of 69382131?
False
Is 15659515 a multiple of 3?
False
Is 44764588 a multiple of 3022?
False
Is 59 a factor of 70256905?
True
Does 12 divide 660365112?
True
Does 87 divide 215631529?
False
Is 173579390 a multiple of 403?
False
Does 246 divide 2389138?
False
Does 16 divide 89703872?
True
Is 3342667195 a multiple of 20?
False
Is 2933 a factor of 269953320?
True
Is 5102 a factor of 293803158?
False
Does 29 divide 7591308?
False
Is 42 a factor of 250551318?
False
Is 733977931 a multiple of 125?
False
Is 65235050 a multiple of 1195?
True
Is 36671535 a multiple of 327?
False
Does 14 divide 4674826604?
True
Is 80 a factor of 1097904480?
True
Is 15578815 a multiple of 17?
False
Does 13 divide 263775766?
False
Does 170 divide 61954460?
True
Does 104 divide 24365328?
True
Is 16040814 a multiple of 6?
True
Is 19 a factor of 5401785405?
True
Does 190 divide 34457485?
False
Is 12 a factor of 177024948?
True
Does 298 divide 265908082?
True
Is 405 a factor of 71602380?
True
Does 20 divide 5045600?
True
Does 3 divide 483257517?
True
Does 298 divide 216362148?
False
Is 10 a factor of 12055210?
True
Is 577327169 a multiple of 337?
True
Does 14 divide 6382460?
True
Is 174114874 a multiple of 55?
False
Is 28218276 a multiple of 151?
True
Is 139 a factor of 16554066?
True
Is 380 a factor of 293716?
False
Is 3341171 a multiple of 2?
False
Is 7078752 a multiple of 946?
False
Does 539 divide 2231863019?
False
Is 51 a factor of 129204158?
False
Is 2 a factor of 148123458?
True
Does 900 divide 247041000?
True
Is 1415 a factor of 8286087?
False
Is 165 a factor of 485937540?
True
Is 254190490 a multiple of 299?
False
Does 47 divide 14664846?
True
Is 426572610 a multiple of 38?
True
Is 41722410 a multiple of 519?
True
Is 1444229895 a multiple of 4985?
False
Is 30 a factor of 30180060?
True
Is 74 a factor of 210864924?
True
Is 9 a factor of 365578992?
True
Is 290223764 a multiple of 292?
True
Is 182070071 a multiple of 192?
False
Is 783956705 a multiple of 204?
False
Is 220798623 a multiple of 1056?
False
Is 9676994 a multiple of 97?
False
Is 174838120 a multiple of 47?
True
Is 2051 a factor of 480319609?
False
Is 82447690 a multiple of 43?
False
Is 69560741 a multiple of 472?
False
Is 25 a factor of 55832709?
False
Is 194237428 a multiple of 1077?
False
Is 481635747 a multiple of 93?
True
Does 10 divide 153179336?
False
Is 15 a factor of 573875655?
True
Is 31 a factor of 476898575?
True
Does 59 divide 5121495?
True
Does 3 divide 10892640?
True
Is 142849923 a multiple of 646?
False
Is 45977471 a multiple of 2606?
False
Does 8 divide 173524848?
True
Does 2428 divide 2034307084?
True
Does 137 divide 83404496?
False
Is 7 a factor of 149293721?
False
Is 225660263 a multiple of 652?
False
Is 1283879968 a multiple of 392?
True
Is 65 a factor of 38239825?
True
Is 157119365 a multiple of 903?
False
Is 5 a factor of 27509787?
False
Is 156436754 a multiple of 17?
True
Is 9 a factor of 34336998?
True
Is 25 a factor of 688464139?
False
Is 920 a factor of 39582080?
True
Is 54872320 a multiple of 27?
False
Does 23 divide 26210800?
True
Does 74 divide 397588680?
True
Is 7 a factor of 30628421?
False
Is 52 a factor of 380697980?
True
Does 229 divide 100026055?
True
Is 18 a factor of 35586138?
False
Does 7 divide 3048724?
True
Is 1545 a factor of 633446038?
False
Is 148381638 a multiple of 2?
True
Is 349 a factor of 1166808570?
False
Is 1343890734 a multiple of 1439?
True
Is 4 a factor of 1141181164?
True
Is 134 a factor of 3410174940?
False
Is 278 a factor of 1296098142?
False
Is 37099630 a multiple of 499?
False
Is 165 a factor of 194133060?
True
Is 5284442 a multiple of 140?
False
Does 1765 divide 64482510?
True
Is 1462080 a multiple of 15?
True
Does 368 divide 20433568?
True
Does 175 divide 46464075?
True
Is 159047100 even?
True
Does 301 divide 15470800?
False
Is 2949796227 a multiple of 931?
True
Does 4 divide 8645703?
False
Is 596658548 a multiple of 1910?
False
Is 74025635 a multiple of 18?
False
Is 652708934 a multiple of 37?
True
Is 8577360 a multiple of 185?
False
Is 675 a factor of 234600300?
True
Is 725 a factor of 734794750?
True
Does 81 divide 787925570?
False
Is 58304110 a multiple of 10?
True
Is 423 a factor of 132722770?
False
Does 83 divide 409021261?
True
Does 3653 divide 713660229?
False
Is 26160140 a multiple of 10?
True
Does 1783 divide 80701823?
False
Does 36 divide 3726504966?
False
Does 7 divide 24994536?
True
Is 190 a factor of 129230780?
True
Does 88 divide 439573865?
False
Is 120914388 a multiple of 1799?
True
Does 128 divide 1469150720?
True
Does 422 divide 65611716?
True
Does 4852 divide 244715472?
True
Does 8 divide 414867848?
True
Is 41369262 a multiple of 1122?
True
Is 7 a factor of 6275717?
True
Is 13808826 a multiple of 1674?
True
Does 195 divide 1306713109?
False
Is 205 a factor of 34855583?
False
Does 6884 divide 1288291024?
False
Does 2138 divide 695305995?
False
Is 243 a factor of 4520450371?
False
Does 126 divide 21120498?
True
Is 27 a factor of 8101045?
False
Is 759759558 a multiple of 318?
True
Is 202 a factor of 168856850?
True
Is 2120 a factor of 3138363200?
True
Is 31 a factor of 19146113?
False
Is 373043280 a multiple of 45?
False
Is 7 a factor of 120494311?
True
Is 370 a factor of 188441370?
True
Is 2235182 a multiple of 7?
False
Does 12 divide 1971697585?
False
Is 20 a factor of 1803793660?
True
Does 4425 divide 1112471550?
True
Is 7 a factor of 612301651?
False
Is 2808140803 a multiple of 47?
False
Is 13 a factor of 18256494?
False
Is 1472239358 a multiple of 1957?
True
Is 61 a factor of 4677297?
True
Does 431 divide 59767458?
False
Does 265 divide 40356721?
False
Is 80483602 a multiple of 18?
False
Is 34318075 a multiple of 25?
True
Is 42466330 a multiple of 5?
True
Is 4206594 a multiple of 21?
True
Does 175 divide 50909950?
True
Is 404929462 a multiple of 103?
True
Is 23924494 a multiple of 42?
False
Is 2722641 a multiple of 6?
False
Does 1113 divide 517536096?
True
Is 1900831857 a multiple of 24?
False
Does 407 divide 209132636?
False
Is 2537316712 a multiple of 59?
True
Does 3584 divide 305550140?
False
Is 24494586 a multiple of 17?
True
Does 34 divide 10690076?
True
Is 496167332 a multiple of 10?
False
Is 59 a factor of 80167489?
True
Is 17939972 a multiple of 312?
False
Does 5143 divide 200710718?
True
Is 3 a factor of 8005011?
True
Does 76 divide 90752850?
False
Is 704 a factor of 5681089216?
True
Is 198280628 a multiple of 9?
False
Is 3495600 a multiple of 5?
True
Is 2842452368 a multiple of 14?
True
Is 40 a factor of 835956440?
True
Is 6 a factor of 12745902?
True
Does 4590 divide 1002327285?
False
Does 838 divide 779269756?
False
Is 1068120409 a multiple of 113?
True
Is 1288700073 a multiple of 269?
False
Does 4203 divide 287031276?
True
Does 914 divide 56676226?
True
Is 24926061 a multiple of 25?
False
Is 762981369 a multiple of 1173?
True
Is 4725217 a multiple of 20?
False
Does 36 divide 10940760?
True
Is 14 a factor of 794814675?
False
Is 803751242 a multiple of 11?
False
Is 1378326766 a multiple of 113?
True
Is 42 a factor of 50406888?
True
Do